 12, what is -5 + 14a?
145
In base 6, what is -3 + -154?
-201
In base 9, what is 1 + -152?
-151
In base 2, what is 0 + 10011010?
10011010
In base 8, what is -42 + -3?
-45
In base 13, what is 0 - -31?
31
In base 2, what is -10001 + 111?
-1010
In base 8, what is -123 - -373?
250
In base 5, what is 103 + -23?
30
In base 5, what is -32 - 143?
-230
In base 7, what is 1 + -331?
-330
In base 6, what is -5 - -113?
104
In base 10, what is 0 - -245?
245
In base 16, what is 1 + 30d?
30e
In base 5, what is 14 + 11303?
11322
In base 5, what is 30 + 3?
33
In base 2, what is 0 + -1101011?
-1101011
In base 3, what is -22 + 200000?
122201
In base 8, what is 5 + -3030?
-3023
In base 4, what is 330 - -2?
332
In base 10, what is -5 - 135?
-140
In base 11, what is 16 - -8?
23
In base 12, what is 3 + 4?
7
In base 16, what is 1f - 1c?
3
In base 15, what is 0 - -21?
21
In base 8, what is 125 + -74?
31
In base 7, what is 50 - 3?
44
In base 8, what is -1 + -6?
-7
In base 3, what is 1110122 + 111?
1111010
In base 11, what is 1749 + 4?
1752
In base 6, what is 254 - -4?
302
In base 2, what is -10 + 1010?
1000
In base 3, what is -10222 + 22200?
11201
In base 14, what is -ca - 23?
-10d
In base 6, what is -3 + -42?
-45
In base 9, what is 1 + -301?
-300
In base 13, what is 17 + 7?
21
In base 3, what is 20 - 1?
12
In base 7, what is 421 + -5?
413
In base 13, what is 24 + -9?
18
In base 2, what is 1 - 110100?
-110011
In base 16, what is -d29 - -1?
-d28
In base 5, what is -3 - -122?
114
In base 4, what is 3 + 10110?
10113
In base 2, what is -101011 - 11000?
-1000011
In base 16, what is -98 + 2?
-96
In base 12, what is 26 - 1b?
7
In base 8, what is -5 - 0?
-5
In base 8, what is -1 + 3003?
3002
In base 3, what is -212 + 22212?
22000
In base 4, what is -103 + 10203?
10100
In base 15, what is 3 + a?
d
In base 7, what is 556 - 5?
551
In base 8, what is -6203 + 5?
-6176
In base 15, what is 3 - 4a2?
-49e
In base 2, what is 1000 + -10101100100?
-10101011100
In base 7, what is -655 + -12?
-1000
In base 14, what is 170 + 5?
175
In base 14, what is 125 + 1a?
141
In base 2, what is 110 + -1100000?
-1011010
In base 12, what is 130 - 3?
129
In base 14, what is 14d + 4?
153
In base 3, what is 10 - 22110?
-22100
In base 14, what is -6a + 6?
-64
In base 10, what is 2 - -71?
73
In base 13, what is 1 - 832?
-831
In base 3, what is -2 - 2110?
-2112
In base 2, what is -10010110 - 10010?
-10101000
In base 15, what is -cca - -4?
-cc6
In base 16, what is -2b + -12?
-3d
In base 12, what is 1569 + -3?
1566
In base 8, what is 3651 - 4?
3645
In base 4, what is 2022 - 1?
2021
In base 6, what is -100 - 20?
-120
In base 15, what is 7 - -4?
b
In base 11, what is 17 + 26?
42
In base 4, what is -1102 - 320?
-2022
In base 4, what is -102 + 1103?
1001
In base 7, what is 4 + 3002?
3006
In base 12, what is 261 + 4?
265
In base 3, what is 222 + 200121?
201120
In base 14, what is -4 + -70?
-74
In base 3, what is 20220 + 11?
21001
In base 3, what is 2021012 + 12?
2021101
In base 13, what is 3 + -1a79?
-1a76
In base 4, what is 1121131 - 3?
1121122
In base 12, what is 6693 + -2?
6691
In base 15, what is 173 + -5?
16d
In base 6, what is 1 - -20012?
20013
In base 10, what is 4 + 1304?
1308
In base 15, what is -d - -24?
16
In base 15, what is -4 + 2?
-2
In base 9, what is -8 - 605?
-614
In base 11, what is 117 - 4?
113
In base 6, what is -22435 - -1?
-22434
In base 15, what is 229 + -17?
212
In base 6, what is -2 - 1220?
-1222
In base 13, what is 29c + 2?
2a1
In base 6, what is 154403 + 2?
154405
In base 10, what is 854 + 5?
859
In base 10, what is 301 + -1?
300
In base 14, what is -1 - -422?
421
In base 2, what is 11010 + -1010?
10000
In base 15, what is 5 + -8b2?
-8ac
In base 14, what is 3 + -17?
-14
In base 3, what is -12 + -12020?
-12102
In base 6, what is 4 + -10400?
-10352
In base 16, what is -2 + -19f?
-1a1
In base 12, what is 18 + -2?
16
In base 9, what is -155 + -16?
-172
In base 2, what is 100 + 1000100?
1001000
In base 8, what is 2 - 60?
-56
In base 8, what is -164 - -2?
-162
In base 7, what is -1 - -143?
142
In base 2, what is 1010100101 + 100?
1010101001
In base 6, what is -2 - -34?
32
In base 10, what is 3 - 4?
-1
In base 16, what is -4 + 125?
121
In base 6, what is -31430 - -2?
-31424
In base 4, what is 10020211 - -2?
10020213
In base 16, what is -5 + 14?
f
In base 13, what is 43 + -1?
42
In base 9, what is 1 + -162?
-161
In base 5, what is -343 - -32?
-311
In base 11, what is 4 + 11?
15
In base 11, what is 3 + -1a47?
-1a44
In base 13, what is -a9 + 24?
-85
In base 7, what is 224 - 1?
223
In base 10, what is -103 - -2?
-101
In base 13, what is -19 + 4?
-15
In base 6, what is -1 + -1222?
-1223
In base 4, what is 23 + -211?
-122
In base 14, what is -5 + 4c7?
4c2
In base 5, what is 31 + 131?
212
In base 16, what is 2 - 132?
-130
In base 5, what is 1233 - -2?
1240
In base 5, what is 222 + 2?
224
In base 5, what is 2 - -210?
212
In base 10, what is 4 - 1556?
-1552
In base 7, what is -2 - 164?
-166
In base 12, what is 1 - -40?
41
In base 7, what is -2253 - -4?
-2246
In base 7, what is 1665 - 4?
1661
In base 10, what is 3 + -573?
-570
In base 12, what is -4a1 - -8?
-495
In base 6, what is 122 + -23?
55
In base 13, what is 33 + 0?
33
In base 5, what is -1143 + -23?
-1221
In base 9, what is -82 - -6?
-75
In base 9, what is -134 + -4?
-138
In base 15, what is -4 - -18?
14
In base 3, what is 12 - -10012?
10101
In base 7, what is -1412 - 1?
-1413
In base 12, what is 1 - -809?
80a
In base 11, what is 0 + 182?
182
In base 14, what is d - -3ba?
3c9
In base 5, what is -2 + 13?
11
In base 13, what is -4 - 1966?
-196a
In base 2, what is 10 - 1010100?
-1010010
In base 10, what is 11 - -1984?
1995
In base 4, what is -20002 - -13?
-13323
In base 11, what is -64 + -139?
-1a2
In base 6, what is 41 + 5?
50
In base 2, what is 101011000 - -101?
101011101
In base 9, what is 207 + 5?
213
In base 6, what is 1004 + 153?
1201
In base 5, what is -11310 - -1?
-11304
In base 2, what is 11 + -100011?
-100000
In base 7, what is 21 - -246?
300
In base 6, what is 25 + -15?
10
In base 12, what is -4 - -ab?
a7
In base 9, what is 86 - 66?
20
In base 6, what is -1232 - -4?
-1224
In base 15, what is -93 + 2?
-91
In base 9, what is -28 - 42?
-71
In base 2, what is 11011011 + -10101?
11000110
In base 10, what is -18945 - -4?
-18941
In base 10, what is -5 - -950?
945
In base 15, what is 5 - 52?
-4c
In base 14, what is 206 + -5?
201
In base 12, what is -4 + 50?
48
In base 9, what is 16 + -38?
-22
In base 3, what is -120 + -1102?
-1222
In base 8, what is -1 - -2265?
2264
In base 2, what is -1000100 + 10001?
-110011
In base 10, what is 3 - -128?
131
In base 15, what is -c + -4?
-11
In base 7, what is 55 - -2032?
2120
In base 2, what is 11001110101 + 100?
11001111001
In base 5, what is -30 - -141?
111
In base 5, what is -114 + -4344?
-10013
In base 8, what is 5 + 53?
60
In base 2, what is 10111 + -11?
10100
In base 15, what is 5d1 - 3?
5cd
In base 13, what is 3a + ac?
119
In base 11, what is -425 + 5?
-420
In base 16, what is 4 + 55?
59
In base 10, what is 102 + -2?
100
In base 7, what is 663 - 0?
663
In base 9, what is -24 + 503?
468
In base 11, what is 172 + -8?
165
In base 16, what is 4 - -458?
45c
In base 4, what is -11332 - 11?
-12003
In base 10, what is 286 - 5?
281
In base 8, what is -306 + -4?
-312
In base 13, what is -6 - -60?
57
In base 7, what is -12 - -5?
-4
In base 8, what is -1330 + -4?
-1334
In base 2, what is -110 + 10?
-100
In base 14, what is -40 - 9?
-49
In base 11, what is 1 + -183?
-182
In base 2, what is -10111 - 0?
-10111
In base 5, what is -43 + 0?
-43
In base 13, what is -46 - -1?
-45
In base 6, what is -50 + -1113?
-1203
In base 13, what is 36 - 17?
1c
In base 6, what is 3 + -3?
0
In base 9, what is 160 + 0?
160
In base 14, what is 19d8 + 2?
19da
In base 13, what is 3 + -5a3?
-5a0
In base 6, what is 50 + 32?
122
In base 6, what is 11 + -110?
-55
In base 3, what is 12 - 112?
-100
In base 15, what is 18b + -3?
188
In base 14, what is -815 + 3?
-812
In base 2, what is 10 + 11?
101
In base 15, what is 28 + -4?
24
In base 2, what is 1111 + -1?
1110
In base 13, what is 87b - -5?
883
In base 11, what is 48 + 66?
103
In base 11, what is -1 - 344?
-345
In base 5, what is -1030 + 30?
-1000
In base 2, what is -100 - 10010010100?
-10010011